r of 723 and j?
3
Let o = 175 + -40. Calculate the greatest common divisor of o and 60.
15
Let x = 6 - -4. Suppose x*p - 3 = -s + 5*p, -3*s - 2*p + 9 = 0. Let u(v) = 26*v + 1. Let q be u(1). Calculate the greatest common divisor of q and s.
3
Let m(k) = -k**3 + 5*k**2 + 4*k + 8. Let p be m(6). Let x be p*(363/6)/(-11). What is the highest common factor of 2 and x?
2
Let o = -2 + -1. Let m = 3 + o. Suppose m*t - 40 = -5*t. Calculate the highest common divisor of 2 and t.
2
Let v(g) = -3*g + 21. Let c be v(11). Let x(f) = 2*f + 26. Let w be x(c). Let l(y) = 6*y - 2. Let r be l(3). What is the highest common factor of w and r?
2
Let i be (3 - 48*-1) + -2. Let u = 77 + -51. Suppose -5*c + u = -9. Calculate the greatest common divisor of c and i.
7
Let b(l) = -l**2 - 8*l - 3. Let k be b(-7). Suppose 6*s = k*s + 26. What is the greatest common factor of s and 104?
13
Suppose -3*d - 11 = -50. Let j(i) be the first derivative of 29*i**2/2 - 12*i - 46. Let k be j(4). Calculate the greatest common factor of k and d.
13
Suppose -l - 5*f - 2 = 0, -2*f + 4 = l - 3. Let s = 32 - l. What is the highest common divisor of s and 209?
19
Let l be (114/8)/(174/3248). Calculate the greatest common divisor of 14 and l.
14
Let o(k) = k**3 + 9*k**2 + 16*k + 30. Let f be o(-7). Suppose 0 = 5*z - g - 885, -62 + 786 = 4*z - 4*g. What is the highest common divisor of f and z?
16
Let w(t) = t**2 + 12*t - 95. Let u be w(6). Calculate the highest common divisor of u and 949.
13
Let v(d) = 2*d**2 + 5*d + 3. Let r be v(-3). Let q(l) = l**2 - 6*l - 64. Let h be q(16). Calculate the greatest common factor of r and h.
6
Let f = 866 - 832. What is the greatest common divisor of 1241 and f?
17
Suppose 11 - 3989 = -78*j. Calculate the highest common divisor of j and 816.
51
Let w = 194 - 69. Suppose -5*g + 175 = -w. Calculate the highest common divisor of 15 and g.
15
Let j = 1 + -18. Let x = j + 29. Calculate the highest common factor of 8 and x.
4
Suppose w - 2*h - 8 = -4, -3*h + 6 = 0. Let t be -9*1*(-2)/6. Let f be (-186)/(-8) + t/4. Calculate the highest common factor of f and w.
8
Let c(b) = b**2 - 23*b - 28. Let m be c(25). Let f = -3 - -5. What is the greatest common factor of f and m?
2
Let i be 4944/(-32)*4/(-3). Calculate the highest common factor of 2 and i.
2
Let w be ((-5)/(-2))/5*0. Suppose 3*t + 5*v - 57 - 108 = w, -v = 4*t - 237. Suppose -420 = -46*l + 11*l. Calculate the highest common divisor of l and t.
12
Let l(r) = 742*r**2 - 43*r + 42. Let w be l(1). Calculate the greatest common factor of 39 and w.
39
Let g(l) = -34*l - 364. Let k be g(-14). Calculate the greatest common factor of 308 and k.
28
Let w = -436 + 1404. Suppose 0 = -5*b + 9*b - w. Calculate the greatest common factor of 22 and b.
22
Let z(l) = 171*l - 1. Let w be z(5). Calculate the highest common factor of 14 and w.
14
Let w(g) = -2*g + 14. Let b be w(4). What is the highest common divisor of b and 78?
6
Suppose 194 = 5*f + q, -5*q - 1 = -4*q. Suppose -221 = -2*b + f. Suppose -5*y = -10*y + b. Calculate the highest common divisor of y and 52.
26
Let y be 4 + -1 + 19 + -10. Let b be 4/(1 - (-78)/(-81)). Calculate the greatest common factor of b and y.
12
Let q = 313 + -270. What is the highest common factor of 1 and q?
1
Suppose -78 = -2*g + 3*n, g - 2*n - 41 = -3. Let k be (-12 + 3)*14/(-2). What is the greatest common factor of k and g?
21
Let d(l) = 8*l - 44. Let h be d(14). Calculate the greatest common factor of 170 and h.
34
Suppose 5*v = -4*j + 69 - 15, -3*j + 40 = 4*v. Let l = 39 + j. Suppose 24 = g + 2. Calculate the greatest common factor of g and l.
11
Let p(v) = -v**2 + 6*v + 4. Let m be p(2). What is the greatest common factor of m and 3?
3
Suppose 3*t - 40 = -5*s + 116, 2*t = 3*s - 86. Let q = 1475 + -1295. Calculate the greatest common divisor of s and q.
30
Let n(x) = -x. Let k be -1*1 - (8 - 10). Let w(i) = 6*i + 8. Let r(v) = k*w(v) + 5*n(v). Let f be r(-6). What is the highest common factor of f and 14?
2
Let c(d) = -13*d - 2*d - 8 + 3*d - 8. Let q be c(-4). Calculate the greatest common factor of 128 and q.
32
Let r = 136 + -88. Let x be (3/(-2))/((-11)/22). Calculate the greatest common divisor of r and x.
3
Let x(g) = -48*g - 71. Let c be x(-9). What is the greatest common divisor of 57 and c?
19
Let p(f) be the first derivative of -f**3/3 - 7*f**2 - 8*f - 5. Let y be p(-11). Calculate the greatest common divisor of y and 10.
5
Let y be (-96)/216 - 656/(-18). What is the greatest common factor of 156 and y?
12
Let v(h) = -37*h - 18. Let g be v(-1). What is the greatest common factor of g and 513?
19
Suppose 560 = -54*g + 70*g. What is the greatest common divisor of 525 and g?
35
Let q be (26/5)/((-13)/(-65)). Let u = -24 + q. Suppose -d + l = -4*l - 43, -65 = -u*d + 3*l. Calculate the greatest common factor of 252 and d.
28
Suppose 5*b + 5*l = 995, 19*l - 16*l - 12 = 0. What is the greatest common factor of 15 and b?
15
Let q(y) = -9*y + 27 + 2*y**2 - 3 + 0*y**2. Let v be q(8). Calculate the greatest common factor of 10 and v.
10
Let i(j) = -3*j + 28. Let c be 0 - (24/4*-1)/(-2). Let v be i(c). What is the highest common divisor of v and 185?
37
Let t be 1/(2 + 11/(-6)). Let h(u) = -u**3 + 16*u**2 - 13*u + 7. Let f be h(15). Let s be f/13 + 12/78. What is the greatest common divisor of t and s?
3
Let d be (-10)/(-25)*-5 - 37/(-1). Calculate the greatest common factor of d and 25.
5
Let d = -1254 + 1296. Suppose r = -3*i + 2*i + 4, 0 = 4*r - 2*i + 8. Suppose -5*x + 23 + d = r. What is the highest common factor of 65 and x?
13
Let x = 159 + -150. Calculate the greatest common factor of x and 3.
3
Let a(q) = -2*q**3 + 10*q**2 + 2*q - 8. Let u be a(7). Let w be 2 - 0 - u/5. What is the greatest common divisor of w and 40?
40
Suppose f = -5 + 10. Suppose 0*j - f*u = -3*j + 335, 4*j = -2*u + 490. Let p = 29 + -5. What is the highest common factor of p and j?
24
Let w be (-4)/18 - 25/9. Let l be ((-6)/w)/(2/9). What is the highest common factor of 45 and l?
9
Suppose -5*g = -3*g - 2*n - 100, 4*g + n - 210 = 0. What is the greatest common divisor of 182 and g?
26
Suppose 0 = -2*k + 4*t + 735 + 209, -3*t - 6 = 0. Calculate the greatest common factor of 36 and k.
36
Suppose -4*h = -i - i - 826, 20 = -4*i. Calculate the greatest common factor of h and 68.
68
Suppose 2778 = 30*l - 1812. What is the highest common divisor of 204 and l?
51
Let x(t) = -2*t**3 + 47*t**2 - 65*t + 15. Let y be x(20). What is the greatest common divisor of 15 and y?
15
Suppose -4 = 2*q - 3*q. Suppose 3*m - 3*n = 3 - 18, -2*n + 12 = -4*m. Let g = m + 41. What is the highest common factor of q and g?
4
Let n(g) be the first derivative of -7*g**4/4 - g**2/2 - 15. Let a be n(-1). What is the greatest common factor of 16 and a?
8
Suppose 3*d + s = 7, -17 = -d - 0*d - 4*s. What is the highest common factor of 53 and d?
1
Let x = 11 - 1. Let q(n) = -n**3 + 10*n**2 + 9*n + 9. Let c be q(x). Let h be 9 - ((-4)/(-1))/(-2). What is the highest common divisor of h and c?
11
Suppose -33*f - 75 = -38*f. Let z(c) = c**2 + 4*c - 2. Let x be z(-8). What is the greatest common divisor of x and f?
15
Suppose 152 = -3*q + 11*q. Let t(m) = 2*m**2 - 36*m - 3. Let y be t(q). Calculate the greatest common factor of 14 and y.
7
Suppose -22*u = -32*u + 320. What is the greatest common factor of u and 10?
2
Suppose 4*q + q = 4*h + 78, 5*h + 80 = 5*q. Calculate the greatest common divisor of q and 63.
7
Let z be 48 + 8 - (4 + -1). Calculate the highest common divisor of 371 and z.
53
Let a(f) = -2*f**2 - 55*f + 78. Let i be a(-27). Calculate the greatest common divisor of i and 15.
15
Let w be 10480/140 + (-24)/28. Calculate the greatest common factor of 555 and w.
37
Let z = 5108 - 5100. Suppose 5*d = 226 + 214. Calculate the highest common divisor of z and d.
8
Suppose -33 - 18 = -w. Calculate the greatest common divisor of w and 85.
17
Let u = -859 + 1477. Suppose -1515 = -5*f - 5*v, -1515 = -3*f + v - u. Suppose a - f = -4*a. What is the highest common divisor of a and 20?
20
Suppose -5*d - u + 236 = -260, 188 = 2*d + 3*u. What is the highest common factor of 70 and d?
10
Let n be 208/(-12)*(-36)/8. Let f = -8 + n. Suppose 42 = -a + 4*a. Calculate the highest common factor of f and a.
14
Let x = 2095 + -2004. Calculate the highe